 = -l + 3*z + 30, -l - 4*z + 23 = 0. What is the highest common factor of l and 9?
9
Let t(h) = 8*h**3 - h**2 + 3*h - 2. Let a be t(2). What is the highest common divisor of 8 and a?
8
Suppose 2*o - 44 = -4*f, -6*f + 85 = 4*o - f. Calculate the greatest common divisor of 10 and o.
10
Let b be 0 - 0 - (-41 - (5 - -1)). Calculate the greatest common divisor of 141 and b.
47
Let x(j) = 2*j - 8. Let q be x(7). Let o be q/(-4) + (-68)/(-8). Let s be 6/((-1)/((-14)/3)). Calculate the greatest common factor of s and o.
7
Suppose 0 = -19*q + 24*q - 25. Calculate the highest common factor of 20 and q.
5
Suppose l - 2*l - 5*o = -9, 3*o + 105 = 4*l. What is the greatest common divisor of 3 and l?
3
Let o be (3/1)/((-9)/(-15)). Suppose o*y + 2*f = 43 + 27, 4*y - 4*f - 56 = 0. Let h = 48 + -34. Calculate the highest common factor of y and h.
14
Let s be (12/8)/((-2)/(-12)). Suppose -45 = -4*r - s. Calculate the highest common divisor of 72 and r.
9
Suppose 2*v + 6 = 4*v. Suppose 4*w - v*w - 112 = 0. Suppose 5*s - 83 = -3. Calculate the greatest common factor of s and w.
16
Let z(x) = -2*x**3 - 18*x**2 - x - 3. Let o be z(-9). Calculate the highest common divisor of o and 24.
6
Suppose 2*w = -2*w. Suppose w = 4*f - 1 - 7. Let k be 466/6 + f/(-3). What is the highest common factor of k and 7?
7
Let v be (-3)/(-1)*(-1)/(-3). Suppose -5*h - v = -71. Let c(t) = -2*t + 13. Let b be c(3). What is the highest common factor of h and b?
7
Suppose x = 5*d + 95, -7*d + 3*d = -2*x + 184. Let k(f) = 2*f. Let n = 22 - 17. Let w be k(n). What is the highest common divisor of w and x?
10
Let c(q) = 2*q**2 + 4*q**2 + 7 - 4*q**2 + 5*q. Suppose -2*z + 4*k = -26, -6 - 7 = -4*z - 5*k. Let n be c(z). Calculate the greatest common factor of n and 14.
14
Suppose 5*d = 4*d - 246. Let b = d - -366. Calculate the highest common factor of 15 and b.
15
Let f = -50 - -110. Let p(g) = 5*g**2 - 5*g. Let o(k) = k**2. Let t(w) = -4*o(w) + p(w). Let x be t(8). Calculate the highest common divisor of x and f.
12
Let s(m) = -20*m + 4*m - 4*m - 6. Let t be s(-3). Suppose 0 = -0*u - u + 2*x + 2, -2*u + 8 = -2*x. Calculate the highest common factor of u and t.
6
Let n = -4 - -11. Let d = 12 + -5. Calculate the greatest common divisor of n and d.
7
Suppose 0 = k - 2*u - 9, 3*k + u - 10 = 24. What is the highest common divisor of 22 and k?
11
Let s(n) = -13*n. Let d be s(-5). Let k = 91 - 65. What is the greatest common divisor of k and d?
13
Let z be 0/(-3) + -2 - -2. Suppose -s + 4 - 32 = z. Let f = -18 - s. What is the highest common divisor of f and 5?
5
Suppose -5*i - 372 = -3*i. Let h = i - -263. Calculate the greatest common divisor of 11 and h.
11
Suppose -y + 8 = 3, -h + 72 = -y. Suppose 17*r - 67 = 52. Calculate the highest common divisor of h and r.
7
Suppose -3*h + 0*h = -3*f + 81, 3*h = -f + 23. Calculate the highest common divisor of f and 208.
26
Suppose 3*k - 546 + 21 = 0. Calculate the highest common divisor of k and 70.
35
Let s(o) = 2*o**2 + 4*o - 6. Let f be 3*((-8)/(-6) + 0). Let k be s(f). What is the highest common factor of 21 and k?
21
Let g(y) = 3*y + 24. Let q be g(16). Let s be 3*(-3*3)/3. Let o = s - -27. What is the greatest common divisor of o and q?
18
Suppose m = 5*m - 8. Let n be 2*((-53)/(-2) - m). Let p = n - -16. Calculate the greatest common divisor of 26 and p.
13
Let a be (-1)/4 - (-33)/(-12). Let o be (-1 - a)*(-1)/2. Let z be (o/1)/(4/(-140)). What is the greatest common divisor of 14 and z?
7
Let m(g) = 6*g**2 + 1. Let f be m(1). Let a = -4 + f. What is the highest common divisor of 24 and a?
3
Suppose 13 + 15 = 4*z. Calculate the highest common factor of 7 and z.
7
Let v be (-1)/(0 - (-3)/(-30)). Calculate the greatest common factor of 25 and v.
5
Let n(g) = -13*g - 17. Let k be n(-5). Calculate the highest common divisor of 48 and k.
48
Let n(x) = -x**3 + 2*x - 5*x**2 + 4*x**3 - x**3. Let h be n(3). What is the highest common divisor of 135 and h?
15
Let o = -40 - -56. Let v be (-58)/(-8) + 12/o. Calculate the greatest common factor of v and 8.
8
Suppose 0 = 2*h - 60 + 4. Suppose 3*v - 5*l - 16 = 0, v - 2*v = 4*l - h. Calculate the highest common factor of v and 18.
6
Let m = -13 + 19. Let f be (21/14)/(1/m). Let u = 10 - 4. Calculate the highest common divisor of u and f.
3
Suppose 4*y + 72 = 7*y. Calculate the highest common divisor of y and 16.
8
Suppose -i + w + 24 = -3*w, w - 3 = 0. What is the greatest common factor of 4 and i?
4
Let u = -218 - -318. Calculate the greatest common factor of u and 10.
10
Suppose -6*x = -x - 3*q - 97, 2*x - 37 = 3*q. Calculate the highest common divisor of 50 and x.
10
Let f be 0 + 1 + 19/(-1). Let u = -10 - f. Calculate the highest common factor of 4 and u.
4
Let s = 25 + -45. Let h = -14 - s. Let g = 181 - 115. What is the highest common divisor of h and g?
6
Suppose -5*f + 6 = g, -5*g + 4*f + 33 = -4*g. Let j be (-3 - (-33)/g)*-7. Calculate the highest common divisor of j and 15.
5
Let v(d) = 4*d**3 + 6*d - 4*d**2 - 3*d**3 + 5 - 2*d**2. Let u be v(5). Calculate the highest common factor of 15 and u.
5
Let h = 10 - 5. Suppose 323 = h*a + q, -2*q = q + 6. What is the greatest common divisor of 26 and a?
13
Let s(b) = -3*b**3 - 5*b**2 - 4*b - 1. Let g be s(-3). What is the greatest common divisor of 235 and g?
47
Suppose -u = -3*t + 4*u + 58, 2*u = -2*t + 28. Let f = t + -14. What is the highest common divisor of f and 1?
1
Let i(o) = -o**3 - 9*o**2 - 6*o + 11. Let q be i(-8). Let j = q - -10. What is the highest common factor of j and 45?
5
Suppose 15 = -2*s + 65. What is the highest common factor of s and 10?
5
Suppose -5*c - 5*m + 33 = -3*c, -3*c + 3*m + 81 = 0. Let b be c/18*(-3)/(-2). Let d be b - (-7 - 9/(-3)). What is the highest common divisor of 15 and d?
3
Suppose -2*u - x = -9, 2*u + 0*u - 4*x = -6. Let g = u - 2. Let f be (-3)/9 + (-28)/(-3). What is the highest common divisor of f and g?
1
Let q(m) = 6*m - 5. Let v be q(3). What is the greatest common divisor of 13 and v?
13
Let d(i) = 25*i**2 - 1. Let z be d(1). Let l = z - 4. What is the greatest common factor of l and 100?
20
Suppose 0 = v + 5*l - 42, 0 = -0*v - 4*v + 2*l + 168. What is the greatest common divisor of 6 and v?
6
Let r(q) = -q**3 - 3*q**2 + 5*q + 1. Let c be r(-4). Let n be -1 - (-3 + -2 + c). What is the greatest common divisor of n and 21?
7
Let b be ((-3289)/22 - -6)*(-1 - 1). What is the highest common divisor of 41 and b?
41
Let a(f) = -4*f**3 - 4*f**2 - 2*f. Let x be a(-2). Let w(z) = z**3 - 5*z**2 + z. Let l be w(5). Calculate the highest common factor of l and x.
5
Suppose 4*s = -4*z + 223 + 237, 4*z = -5*s + 455. Let y(k) = 2*k**2 - 7*k. Let a be y(5). Calculate the greatest common factor of z and a.
15
Let f = 311 - 31. Let v(x) = -7*x - 7. Let u be v(-6). What is the highest common factor of f and u?
35
Let t(p) = 3*p + 3. Let r(y) = 4*y + 4. Let g(d) = -5*r(d) + 7*t(d). Let z be g(7). Calculate the highest common factor of 32 and z.
8
Suppose -5*h + 4*h + 5 = 0, -30 = -g - 5*h. Suppose 3*j + 8 = -5*p + 60, 4*j - g*p - 116 = 0. What is the highest common divisor of j and 6?
6
Suppose 4*l - 4*i = 56, -l + 4*l + 2*i = 57. Let k be 102/(-1)*(-2)/2. What is the highest common factor of l and k?
17
Let l(d) = d**2 + 11 + d + 4*d + 6*d. Let p be l(-11). Calculate the greatest common factor of p and 22.
11
Let m(b) = b. Let l be m(-3). Let k = 0 - l. Suppose -k*j + 77 - 11 = 0. Calculate the highest common factor of j and 33.
11
Suppose 0 = 8*d - 453 - 515. Let m(q) = q**2 + 5 - 6 - q - 3*q. Let n be m(6). Calculate the highest common factor of n and d.
11
Let i(l) = 3*l**3 + 2*l - 2. Let c be i(3). What is the highest common factor of 34 and c?
17
Suppose 1 = a - 8. What is the highest common divisor of 81 and a?
9
Let b(h) = -7*h + 28. Let j be b(3). What is the highest common factor of 14 and j?
7
Suppose -305 = -2*g + 895. Suppose -6*z + g = -2*z. Let u be 16/(-10)*z/(-12). What is the greatest common divisor of 8 and u?
4
Suppose -4*p + 72 = 3*w, -5*p - 3*w = -2*w - 90. Let k(x) = 7*x**2 - 7*x + 6. Let l be k(4). What is the highest common divisor of p and l?
18
Suppose 4*f - 59 = 85. Let a be (0 - -1)*244 + 1. Suppose -5*w = -a - 25. Calculate the highest common divisor of f and w.
18
Suppose -7 = 3*w - 61. Suppose 14 + w 